 + -5?
59244
In base 9, what is 18016 + -74?
17832
In base 7, what is 11 + -30564?
-30553
In base 13, what is 188012 - 5?
18800a
In base 5, what is -1124 + -101310?
-102434
In base 9, what is 2666 - 47?
2618
In base 5, what is 1102042 + -1?
1102041
In base 14, what is a61 + 7?
a68
In base 7, what is 13214 - 3?
13211
In base 12, what is 674 - -b8?
770
In base 4, what is 233030 - 12?
233012
In base 12, what is 1 - 2168b?
-2168a
In base 6, what is -52 - -13453?
13401
In base 4, what is -312101302 - 11?
-312101313
In base 2, what is -1 + 11111001100?
11111001011
In base 4, what is 1302 - 332213?
-330311
In base 14, what is -2255 + 49?
-220a
In base 9, what is 116814 + 27?
116842
In base 6, what is 15152 + -5?
15143
In base 6, what is -1151512 - -200?
-1151312
In base 6, what is -4 - 3205200?
-3205204
In base 12, what is -109449 - 3?
-109450
In base 5, what is 4232133 - -43?
4232231
In base 15, what is 5952 - 0?
5952
In base 13, what is 52 + -6b1?
-65c
In base 14, what is -11 - a46?
-a57
In base 11, what is 61 + 306?
367
In base 7, what is 10352 - 41?
10311
In base 9, what is 153363 - 4?
153358
In base 12, what is -5 + 62276?
62271
In base 16, what is -4 - -7b7db?
7b7d7
In base 7, what is 102 - 15352?
-15250
In base 13, what is 2884 + 72?
2926
In base 9, what is -7 - 6225?
-6233
In base 12, what is 3ab + -220?
18b
In base 13, what is -18631 + -4?
-18635
In base 7, what is 1 + -4436041?
-4436040
In base 12, what is 935 - 30?
905
In base 11, what is 1 - aaa?
-aa9
In base 4, what is -221 + 130310?
130023
In base 3, what is -120010 - 100112?
-220122
In base 16, what is -7137d + -e?
-7138b
In base 9, what is -244 + -1274?
-1528
In base 11, what is -5 - 11a124?
-11a129
In base 8, what is -13 - -2217720?
2217705
In base 2, what is -110011101001 + 100001011?
-101111011110
In base 2, what is -110111111011110 - -10110?
-110111111001000
In base 6, what is -25 - -123134?
123105
In base 9, what is -321 - 6115?
-6436
In base 6, what is -2 - -50254255?
50254253
In base 2, what is 101000011010000 - -1?
101000011010001
In base 3, what is -1222100 - 112?
-1222212
In base 3, what is -112210 - 2021?
-122001
In base 13, what is 4 - -ac5?
ac9
In base 2, what is -1011101001010110 - 101111?
-1011101010000101
In base 9, what is 53802 - -3?
53805
In base 6, what is 232 + 143015?
143251
In base 2, what is 10 - 1000101101110011010?
-1000101101110011000
In base 6, what is -1425215 - 2?
-1425221
In base 14, what is 158 + 5c9?
743
In base 8, what is 77357 + -4?
77353
In base 15, what is 4341 - -27?
4368
In base 11, what is -10810 - -4?
-10807
In base 15, what is 5a38bc - 0?
5a38bc
In base 7, what is -5 + -42425?
-42433
In base 15, what is -94906b - -2?
-949069
In base 4, what is -31 - 20032211?
-20032302
In base 12, what is -1998 + -88?
-1a64
In base 4, what is 130101 + 1131?
131232
In base 6, what is -324051 - 140?
-324231
In base 10, what is 485 + -143?
342
In base 14, what is 1863 + -103?
1760
In base 2, what is -10010111010010 - -11?
-10010111001111
In base 16, what is 2 + 1b224b?
1b224d
In base 13, what is -5 + 9667c?
96677
In base 12, what is 56 + 488?
522
In base 15, what is 3c + 5318?
5355
In base 13, what is 43 - 1495?
-1452
In base 9, what is 0 + -27876?
-27876
In base 2, what is 111001 - -1110000011010101?
1110000100001110
In base 12, what is -1987 - 10?
-1997
In base 3, what is -121012210 + 1222?
-121010211
In base 4, what is 100130230 + 2?
100130232
In base 8, what is -7 - -121545?
121536
In base 14, what is aa10 - 0?
aa10
In base 4, what is -11 - 122201100?
-122201111
In base 11, what is 177 - -10a2?
1269
In base 12, what is 5148 - 56?
50b2
In base 10, what is -288 - 150?
-438
In base 3, what is -11122020121 + -10?
-11122020201
In base 3, what is 11110011222 - -1?
11110012000
In base 3, what is -2 + 112220221?
112220212
In base 8, what is -5 + 66662?
66655
In base 8, what is -350166 + 37?
-350127
In base 14, what is -113 - 5b?
-170
In base 5, what is 22133240 - 10?
22133230
In base 15, what is -1c22 - -b?
-1c16
In base 14, what is 0 + -7a304?
-7a304
In base 5, what is 14041124 + 3?
14041132
In base 6, what is -5234 - 202?
-5440
In base 6, what is 5 - 122052?
-122043
In base 16, what is 1 - 37cd?
-37cc
In base 15, what is -13d + 3d45?
3c07
In base 14, what is -b99 + -6c?
-c27
In base 2, what is 101000011 - -1001110011001?
1010011011100
In base 16, what is -1 + d43a?
d439
In base 13, what is -2a - -6849?
681c
In base 5, what is -323 + 4312?
3434
In base 13, what is -3 + -6c4a4?
-6c4a7
In base 9, what is -100174 - -8?
-100165
In base 7, what is -2320400 + -5?
-2320405
In base 11, what is 3193 - 213?
2a80
In base 14, what is -1570c4 - -a?
-1570b8
In base 16, what is 23 + 6fdd?
7000
In base 7, what is 312 + -1410?
-1065
In base 9, what is 2 + -3016?
-3014
In base 7, what is 1 - 160131?
-160130
In base 7, what is 40331 + 6?
40340
In base 11, what is 109 + -482?
-374
In base 14, what is -339 + -124c?
-1587
In base 8, what is 0 - -153312?
153312
In base 3, what is -2201122 + 10010?
-2121112
In base 8, what is -17577 + -30?
-17627
In base 4, what is -100 - 333210?
-333310
In base 15, what is -6 - 21b31?
-21b37
In base 9, what is -17735 + 5?
-17730
In base 5, what is -4112041 + -33?
-4112124
In base 8, what is 1374514 - 2?
1374512
In base 10, what is -1205 + -43?
-1248
In base 3, what is -20012201200 - -1?
-20012201122
In base 2, what is -1110011 + -10011011000?
-10101001011
In base 12, what is 456a - a?
4560
In base 11, what is -8683 - -4?
-867a
In base 15, what is -2 - 1309?
-130b
In base 9, what is -354368 + -5?
-354374
In base 7, what is -203 + -162024?
-162230
In base 4, what is -12201 - -3233?
-2302
In base 15, what is -4e - -893?
844
In base 8, what is -10 - 11342?
-11352
In base 16, what is 15 + 1babd?
1bad2
In base 6, what is 21 + -142000?
-141535
In base 9, what is -273 - 3206?
-3480
In base 14, what is 224 + -837?
-613
In base 2, what is -11101000101001001 + -100?
-11101000101001101
In base 13, what is 7a + 5470?
551a
In base 14, what is -20007 - 6?
-2000d
In base 8, what is 2002324 - 0?
2002324
In base 5, what is -132314103 - -10?
-132314043
In base 2, what is -100011010 - -11101100?
-101110
In base 8, what is 46316 - -6?
46324
In base 11, what is -4a124 - 10?
-4a134
In base 5, what is 10 - 241330?
-241320
In base 8, what is 3441724 + -5?
3441717
In base 16, what is -a545 - 3?
-a548
In base 13, what is ab + -6939?
-685b
In base 2, what is 10101100100000 - 11010010?
10101001001110
In base 4, what is 10 + -11133323?
-11133313
In base 5, what is 1204 - -11?
1220
In base 15, what is 69 - 4e5?
-47b
In base 11, what is 2 + 230370?
230372
In base 5, what is -10 - 1134210?
-1134220
In base 15, what is 289 + 54?
2dd
In base 4, what is -102030 + -123?
-102213
In base 8, what is 10 - -22144?
22154
In base 6, what is 50340 + 0?
50340
In base 8, what is -27125 - 5?
-27132
In base 3, what is -10 - -1120021111201?
1120021111121
In base 13, what is 4 + -26b8?
-26b4
In base 16, what is a1 - 22d9?
-2238
In base 12, what is 8a - -13?
a1
In base 7, what is 2351524 - -1?
2351525
In base 2, what is 10 - -1101001111011010?
1101001111011100
In base 2, what is 110001010 - 111101?
101001101
In base 11, what is -21412 + 3?
-2140a
In base 5, what is -324232 - -22?
-324210
In base 11, what is 6165 - -1a5?
635a
In base 6, what is -24444334 - -1?
-24444333
In base 12, what is -193 - -aa?
-a5
In base 11, what is -4 - -19581?
19578
In base 11, what is 759 + 529?
1187
In base 15, what is -2789b - 3?
-2789e
In base 4, what is 231 + 202210?
203101
In base 7, what is -424 - -1040?
313
In base 6, what is -2151 + -2350?
-4541
In base 15, what is 4c + -1587?
-153a
In base 12, what is -644 - -1a15?
1391
In base 9, what is -8517306 - 2?
-8517308
In base 13, what is 7 + 2c18?
2c22
In base 10, what is 6362 + 7?
6369
In base 2, what is -100 + -10010010001010?
-10010010001110
In base 10, what is 5 + 7366?
7371
In base 11, what is -3626 + -7?
-3632
In base 11, what is -1 - 23090?
-23091
In base 9, what is 85 + 25034?
25130
In base 4, what is -220213203 + 31?
-220213112
In base 9, what is 1031 + -3?
1027
In base 10, what is -32 + 119989?
119957
In base 5, what is -4 + -120213?
-120222
In base 8, what is 27 + -2220?
-2171
In base 11, what is -813 - -34?
-78a
In base 4, what is 0 - -130313003?
130313003
In 